{"id":1113,"date":"2017-03-26T14:10:20","date_gmt":"2017-03-26T13:10:20","guid":{"rendered":"https:\/\/bctredencion.com\/about-2\/about"},"modified":"2025-04-23T21:30:28","modified_gmt":"2025-04-23T21:30:28","slug":"about","status":"publish","type":"page","link":"https:\/\/www.bctredencion.com\/?page_id=4459\/?page_id=1113","title":{"rendered":"Historia"},"content":{"rendered":"<div class=\"wpb-content-wrapper\">[vc_row][vc_column width=\u00bb1\/2&#8243; css=\u00bb.vc_custom_1734902640979{padding-top: 10px !important;}\u00bb][vc_column_text css_animation=\u00bbzoomIn\u00bb css=\u00bb.vc_custom_1745443823934{padding-top: 10px !important;}\u00bb]<strong><span style=\"color: #0c1c43;\">A\u00f1o 2018\u2026<\/span><\/strong><\/p>\n<p><strong><span style=\"color: #0c1c43;\">Bajo la direcci\u00f3n de Don Crist\u00f3bal Varo Lorente y Don Cristian Arrabal Barrera nace un proyecto m\u00fasico-cofrade en Benalm\u00e1dena el cual se terminar\u00eda llamando \u201cBanda de Cornetas y Tambores Sant\u00edsimo Cristo de la Redenci\u00f3n\u201d.<\/span><\/strong><\/p>\n<p><strong><span style=\"color: #0c1c43;\">Esta joven y humilde formaci\u00f3n se fund\u00f3 tras diversas reuniones con la hermandad de la Redenci\u00f3n de Benalm\u00e1dena. En Mayo de 2018 y tras reuni\u00f3n de su junta de gobierno, la Hermandad decide apostar por este proyecto musical para acompa\u00f1ar a sus titulares en la semana de pasi\u00f3n.<\/span><\/strong><\/p>\n<p><strong><span style=\"color: #0c1c43;\">El objetivo de la Direcci\u00f3n para la creaci\u00f3n de esta banda era darle a nuestros vecinos de Benalm\u00e1dena la oportunidad de tener una formaci\u00f3n musical enfocado en el estilo Cornetas y Tambores, adem\u00e1s de la iniciaci\u00f3n de una escuela de m\u00fasica con profesorado titulado y con amplia experiencia para el constante crecimiento de esta formaci\u00f3n.<\/span><\/strong><\/p>\n<p><strong><span style=\"color: #0c1c43;\">Los directores de esta joven formaci\u00f3n llegan a un acuerdo con Don Sergio Pastor Gonz\u00e1lez (afamado compositor malague\u00f1o) para guiarles en su camino musical.<\/span><\/strong><\/p>\n<p><strong><span style=\"color: #0c1c43;\">Tras tres meses de duro trabajo, la banda se presenta ante las autoridades y su hermandad en un acto privado (septiembre de 2018) donde los nervios por poder mostrar la evoluci\u00f3n de ese proyecto eran latentes.<\/span><\/strong>[\/vc_column_text][\/vc_column][vc_column width=\u00bb1\/2&#8243; css=\u00bb.vc_custom_1734907183746{padding-bottom: 20px !important;}\u00bb]<style type=\"text\/css\" data-type=\"the7_shortcodes-inline-css\">.shortcode-single-image-wrap.shortcode-single-image-ad85f36a5caa5cc1b5a3839a02307e6a.enable-bg-rollover .rollover i,\n.shortcode-single-image-wrap.shortcode-single-image-ad85f36a5caa5cc1b5a3839a02307e6a.enable-bg-rollover .rollover-video i {\n  background: -webkit-linear-gradient();\n  background: linear-gradient();\n}\n.shortcode-single-image-wrap.shortcode-single-image-ad85f36a5caa5cc1b5a3839a02307e6a .rollover-icon {\n  font-size: 32px;\n  color: #ffffff;\n  min-width: 44px;\n  min-height: 44px;\n  line-height: 44px;\n  border-radius: 100px;\n  border-style: solid;\n  border-width: 0px;\n}\n.dt-icon-bg-on.shortcode-single-image-wrap.shortcode-single-image-ad85f36a5caa5cc1b5a3839a02307e6a .rollover-icon {\n  background: rgba(255,255,255,0.3);\n  box-shadow: none;\n}<\/style><div class=\"shortcode-single-image-wrap shortcode-single-image-ad85f36a5caa5cc1b5a3839a02307e6a alignnone fadeInDown animate-element  vc_custom_1735418540759 enable-bg-rollover dt-icon-bg-off\"  data-pretty-share=\"facebook,whatsapp\"><div class=\"shortcode-single-image\"><div class=\"fancy-media-wrap  layzr-bg\" style=\"border-radius:5px;\"><img fetchpriority=\"high\" decoding=\"async\" class=\"preload-me lazy-load aspect\" src=\"data:image\/svg+xml,%3Csvg%20xmlns%3D&#39;http%3A%2F%2Fwww.w3.org%2F2000%2Fsvg&#39;%20viewBox%3D&#39;0%200%20600%20500&#39;%2F%3E\" data-src=\"https:\/\/www.bctredencion.com\/wp-content\/uploads\/2024\/12\/Galeria-600x500.jpg\" data-srcset=\"https:\/\/www.bctredencion.com\/wp-content\/uploads\/2024\/12\/Galeria-600x500.jpg 600w, https:\/\/www.bctredencion.com\/wp-content\/uploads\/2024\/12\/Galeria-1022x852.jpg 1022w\" loading=\"eager\" sizes=\"(max-width: 600px) 100vw, 600px\" width=\"600\" height=\"500\"  data-dt-location=\"https:\/\/www.bctredencion.com\/?page_id=4459\/?attachment_id=3804\" style=\"--ratio: 600 \/ 500;border-radius:5px;\" alt=\"\" \/><\/div><\/div><\/div>[\/vc_column][vc_column]<style type=\"text\/css\" data-type=\"the7_shortcodes-inline-css\">.shortcode-single-image-wrap.shortcode-single-image-39a3ec0b51b247ddb2df7424354685ff.enable-bg-rollover .rollover i,\n.shortcode-single-image-wrap.shortcode-single-image-39a3ec0b51b247ddb2df7424354685ff.enable-bg-rollover .rollover-video i {\n  background: -webkit-linear-gradient();\n  background: linear-gradient();\n}\n.shortcode-single-image-wrap.shortcode-single-image-39a3ec0b51b247ddb2df7424354685ff .rollover-icon {\n  font-size: 32px;\n  color: #ffffff;\n  min-width: 44px;\n  min-height: 44px;\n  line-height: 44px;\n  border-radius: 100px;\n  border-style: solid;\n  border-width: 0px;\n}\n.dt-icon-bg-on.shortcode-single-image-wrap.shortcode-single-image-39a3ec0b51b247ddb2df7424354685ff .rollover-icon {\n  background: rgba(255,255,255,0.3);\n  box-shadow: none;\n}<\/style><div class=\"shortcode-single-image-wrap shortcode-single-image-39a3ec0b51b247ddb2df7424354685ff alignnone fadeInDown animate-element  enable-bg-rollover dt-icon-bg-off\" style=\"margin-top:0px; margin-bottom:0px; margin-left:0px; margin-right:0px; width:1200px;\" data-pretty-share=\"facebook,whatsapp\"><div class=\"shortcode-single-image\"><div class=\"fancy-media-wrap  layzr-bg\" style=\"border-radius:5px;\"><img decoding=\"async\" class=\"preload-me lazy-load aspect\" src=\"data:image\/svg+xml,%3Csvg%20xmlns%3D&#39;http%3A%2F%2Fwww.w3.org%2F2000%2Fsvg&#39;%20viewBox%3D&#39;0%200%201200%20350&#39;%2F%3E\" data-src=\"https:\/\/www.bctredencion.com\/wp-content\/uploads\/2024\/12\/460937721_1275816743409820_7532664874730189001_n-1200x350.jpg\" data-srcset=\"https:\/\/www.bctredencion.com\/wp-content\/uploads\/2024\/12\/460937721_1275816743409820_7532664874730189001_n-1200x350.jpg 1200w, https:\/\/www.bctredencion.com\/wp-content\/uploads\/2024\/12\/460937721_1275816743409820_7532664874730189001_n-2048x597.jpg 2048w\" loading=\"eager\" sizes=\"(max-width: 1200px) 100vw, 1200px\" width=\"1200\" height=\"350\"  data-dt-location=\"https:\/\/www.bctredencion.com\/?page_id=4459\/?attachment_id=3832\" style=\"--ratio: 1200 \/ 350;border-radius:5px;\" alt=\"\" \/><\/div><\/div><\/div>[vc_column_text css_animation=\u00bbzoomIn\u00bb css=\u00bb.vc_custom_1739142560834{padding-top: 10px !important;}\u00bb]<strong><span style=\"color: #0c1c43;\">A\u00f1o 2019\u2026<\/span><\/strong><\/p>\n<p><strong><span style=\"color: #0c1c43;\">La banda se estrena oficialmente el 18 de Enero de 2019 en la casa de la cultura de Benalm\u00e1dena.<\/span><\/strong><\/p>\n<p>&nbsp;<\/p>\n<p><strong><span style=\"color: #0c1c43;\">A\u00f1o 2020\u2026<\/span><\/strong><\/p>\n<p><strong><span style=\"color: #0c1c43;\">\u201cEterno\u201d y \u201cRedenci\u00f3n\u201d Primeras composiciones propias\u2026<\/span><\/strong><\/p>\n<p><strong><span style=\"color: #0c1c43;\">Tras cumplir el primer aniversario, la banda pasa por su etapa m\u00e1s delicada debido a la Pandemia por el COVID.<\/span><\/strong><\/p>\n<p><strong><span style=\"color: #0c1c43;\">Un a\u00f1o donde la formaci\u00f3n se ve desamparadas por las cofrad\u00edas e instituciones.<\/span><\/strong><\/p>\n<p><strong><span style=\"color: #0c1c43;\">Tras la pandemia Don Crist\u00f3bal Varo Lorente se queda al frente de la direcci\u00f3n de la formaci\u00f3n.<\/span><\/strong><\/p>\n<p><strong><span style=\"color: #0c1c43;\">La Junta de Gobierno de la banda\u00a0 despu\u00e9s del estado de alarma se re\u00fane con la cofrad\u00eda de la Redenci\u00f3n (la cual depend\u00eda la banda), viendo la decisi\u00f3n tomada por la instituci\u00f3n religiosa se decide crear la Asociaci\u00f3n Cultural Sones Redentores para poder seguir adelante y no tener que llevar la banda a su desaparici\u00f3n.<\/span><\/strong><\/p>\n<p><strong><span style=\"color: #0c1c43;\">El esfuerzo econ\u00f3mico de todos los componentes con la formaci\u00f3n supuso la viabilidad de seguir adelante con el proyecto que con tanta ilusi\u00f3n y trabajo se cre\u00f3 un a\u00f1o antes.<\/span><\/strong>[\/vc_column_text][vc_row_inner][vc_column_inner width=\u00bb1\/2&#8243; css=\u00bb.vc_custom_1734907837777{padding-bottom: 20px !important;}\u00bb]<style type=\"text\/css\" data-type=\"the7_shortcodes-inline-css\">.shortcode-single-image-wrap.shortcode-single-image-e401d66881461b8fb180ac87da1c5742.enable-bg-rollover .rollover i,\n.shortcode-single-image-wrap.shortcode-single-image-e401d66881461b8fb180ac87da1c5742.enable-bg-rollover .rollover-video i {\n  background: -webkit-linear-gradient();\n  background: linear-gradient();\n}\n.shortcode-single-image-wrap.shortcode-single-image-e401d66881461b8fb180ac87da1c5742 .rollover-icon {\n  font-size: 32px;\n  color: #ffffff;\n  min-width: 44px;\n  min-height: 44px;\n  line-height: 44px;\n  border-radius: 100px;\n  border-style: solid;\n  border-width: 0px;\n}\n.dt-icon-bg-on.shortcode-single-image-wrap.shortcode-single-image-e401d66881461b8fb180ac87da1c5742 .rollover-icon {\n  background: rgba(255,255,255,0.3);\n  box-shadow: none;\n}<\/style><div class=\"shortcode-single-image-wrap shortcode-single-image-e401d66881461b8fb180ac87da1c5742 alignnone fadeInDown animate-element  enable-bg-rollover dt-icon-bg-off\" style=\"margin-top:0px; margin-bottom:0px; margin-left:0px; margin-right:0px; width:600px;\" data-pretty-share=\"facebook,whatsapp\"><div class=\"shortcode-single-image\"><div class=\"fancy-media-wrap  layzr-bg\" style=\"border-radius:5px;\"><img decoding=\"async\" class=\"preload-me lazy-load aspect\" src=\"data:image\/svg+xml,%3Csvg%20xmlns%3D&#39;http%3A%2F%2Fwww.w3.org%2F2000%2Fsvg&#39;%20viewBox%3D&#39;0%200%20600%20250&#39;%2F%3E\" data-src=\"https:\/\/www.bctredencion.com\/wp-content\/uploads\/2024\/12\/WhatsApp-Image-2024-12-22-at-22.56.15-600x250.jpeg\" data-srcset=\"https:\/\/www.bctredencion.com\/wp-content\/uploads\/2024\/12\/WhatsApp-Image-2024-12-22-at-22.56.15-600x250.jpeg 600w, https:\/\/www.bctredencion.com\/wp-content\/uploads\/2024\/12\/WhatsApp-Image-2024-12-22-at-22.56.15-720x300.jpeg 720w\" loading=\"eager\" sizes=\"(max-width: 600px) 100vw, 600px\" width=\"600\" height=\"250\"  data-dt-location=\"https:\/\/www.bctredencion.com\/?page_id=4459\/?attachment_id=3841\" style=\"--ratio: 600 \/ 250;border-radius:5px;\" alt=\"\" \/><\/div><\/div><\/div>[\/vc_column_inner][vc_column_inner width=\u00bb1\/2&#8243;][vc_column_text css_animation=\u00bbzoomIn\u00bb css=\u00bb\u00bb]<span style=\"color: #0c1c43;\"><strong>A\u00f1os 2021, 2022 y 2023\u2026<\/strong><\/span><\/p>\n<p><span style=\"color: #0c1c43;\"><strong>Repertorio Propio<\/strong><\/span><\/p>\n<p><span style=\"color: #0c1c43;\"><strong>\u201cEn tu Barrio Coronado\u201d<\/strong><\/span><\/p>\n<p><span style=\"color: #0c1c43;\"><strong>\u201cSeguir\u00e9 Contigo\u201d<\/strong><\/span><\/p>\n<p><span style=\"color: #0c1c43;\"><strong>\u201cCautivo ante tu Esperanza\u201d<\/strong><\/span><\/p>\n<p><span style=\"color: #0c1c43;\"><strong>\u201cEl Camino De Dios\u201d<\/strong><\/span><\/p>\n<p><span style=\"color: #0c1c43;\"><strong>\u201cA Cruce Salus\u201d<\/strong><\/span>[\/vc_column_text][\/vc_column_inner][\/vc_row_inner][vc_column_text css_animation=\u00bbzoomIn\u00bb css=\u00bb.vc_custom_1739142578158{padding-top: 10px !important;}\u00bb]<span style=\"color: #0c1c43;\"><strong>A\u00f1os de cambios, de altas y muchas bajas, de darle forma al estilo del repertorio propio, de volver a empezar casi de cero y estabilizar el proyecto de esta formaci\u00f3n\u2026<\/strong><\/span><\/p>\n<p>&nbsp;<\/p>\n<p><span style=\"color: #0c1c43;\"><strong>A\u00f1o 2024\u2026<\/strong><\/span><\/p>\n<p><span style=\"color: #0c1c43;\"><strong>Lleg\u00f3 nuestro V aniversario\u2026<\/strong><\/span><\/p>\n<p><span style=\"color: #0c1c43;\"><strong>\u201cAl Encuentro de tu Misi\u00f3n\u201d , marcha con una dedicatoria muy especial. La Hermandad de \u201cLa Misi\u00f3n Redentora\u201d de Jerez de la Frontera apostaba por esta joven formaci\u00f3n, contrato que supuso un antes y un despu\u00e9s para el devenir del d\u00eda a d\u00eda de la banda.<\/strong><\/span><\/p>\n<p><span style=\"color: #0c1c43;\"><strong>\u201cHerederos de tu Gloria\u201d, compuesta por Jos\u00e9 Manuel S\u00e1nchez Crespillo y dedicada a todos los componentes que hicieron y han hecho posible que esta formaci\u00f3n cumpliera este aniversario tan se\u00f1alado por todos.<\/strong><\/span><\/p>\n<p><span style=\"color: #0c1c43;\"><strong>\u201cPor ti, Padre\u201d\u2026esta composici\u00f3n cerraba un ciclo de tres marchas dedicada a nuestro titular de la Redenci\u00f3n. Un ciclo donde los tres compositores Ignacio Fortis, Jos\u00e9 Bazalo y de esta marcha Sergio Pastor vieron crecer y dar sus primeros pasos a esta joven banda.<\/strong><\/span><\/p>\n<p><span style=\"color: #0c1c43;\"><strong>Cambios en la Direcci\u00f3n musical\u2026<\/strong><\/span><\/p>\n<p><span style=\"color: #0c1c43;\"><strong>Desde la semana santa de 2019 la direcci\u00f3n musical era compartida por Sergio Pastor Gonz\u00e1lez y Andr\u00e9s Dom\u00ednguez Rivas\u2026 con la baja de Sergio Pastor coge las riendas en Mayo \u00fanicamente de la direcci\u00f3n musical Andr\u00e9s Dom\u00ednguez Rivas, d\u00e1ndole un car\u00e1cter diferente a la formaci\u00f3n donde la garra y la fuerza caracter\u00edstica de su trabajo se ven reflejadas en cada actuaci\u00f3n.<\/strong><\/span><\/p>\n<p>&nbsp;<\/p>\n<p><span style=\"color: #0c1c43;\"><strong>A\u00f1o 2025\u2026<\/strong><\/span><\/p>\n<p><span style=\"color: #0c1c43;\"><strong>La formaci\u00f3n cumple su VI Aniversario. Un total de 92 m\u00fasicos componen sus filas a d\u00eda de hoy.<\/strong><\/span><\/p>\n<p><span style=\"color: #0c1c43;\"><strong>La formaci\u00f3n estrenar\u00e1 su primer trabajo discogr\u00e1fico titulado \u201cEl Camino De Dios\u201d tras firmar un acuerdo con la productora \u201cFM &#8211; Fusi\u00f3n Malacitana\u201d.<\/strong><\/span>[\/vc_column_text][\/vc_column][\/vc_row]\n<\/div>","protected":false},"excerpt":{"rendered":"<p>[vc_row][vc_column width=\u00bb1\/2&#8243; css=\u00bb.vc_custom_1734902640979{padding-top: 10px !important;}\u00bb][vc_column_text css_animation=\u00bbzoomIn\u00bb css=\u00bb.vc_custom_1745443823934{padding-top: 10px !important;}\u00bb]A\u00f1o 2018\u2026 Bajo la direcci\u00f3n de Don Crist\u00f3bal Varo Lorente y Don Cristian Arrabal Barrera nace un proyecto m\u00fasico-cofrade en Benalm\u00e1dena el cual se terminar\u00eda llamando \u201cBanda de Cornetas y Tambores Sant\u00edsimo Cristo de la Redenci\u00f3n\u201d. Esta joven y humilde formaci\u00f3n se fund\u00f3 tras diversas reuniones con&hellip;<\/p>\n","protected":false},"author":1,"featured_media":3802,"parent":0,"menu_order":0,"comment_status":"closed","ping_status":"closed","template":"","meta":{"footnotes":""},"class_list":["post-1113","page","type-page","status-publish","has-post-thumbnail","hentry","description-off"],"aioseo_notices":[],"_links":{"self":[{"href":"https:\/\/www.bctredencion.com\/?page_id=4459%2Findex.php&rest_route=\/wp\/v2\/pages\/1113","targetHints":{"allow":["GET"]}}],"collection":[{"href":"https:\/\/www.bctredencion.com\/?page_id=4459%2Findex.php&rest_route=\/wp\/v2\/pages"}],"about":[{"href":"https:\/\/www.bctredencion.com\/?page_id=4459%2Findex.php&rest_route=\/wp\/v2\/types\/page"}],"author":[{"embeddable":true,"href":"https:\/\/www.bctredencion.com\/?page_id=4459%2Findex.php&rest_route=\/wp\/v2\/users\/1"}],"replies":[{"embeddable":true,"href":"https:\/\/www.bctredencion.com\/?page_id=4459%2Findex.php&rest_route=%2Fwp%2Fv2%2Fcomments&post=1113"}],"version-history":[{"count":25,"href":"https:\/\/www.bctredencion.com\/?page_id=4459%2Findex.php&rest_route=\/wp\/v2\/pages\/1113\/revisions"}],"predecessor-version":[{"id":4509,"href":"https:\/\/www.bctredencion.com\/?page_id=4459%2Findex.php&rest_route=\/wp\/v2\/pages\/1113\/revisions\/4509"}],"wp:featuredmedia":[{"embeddable":true,"href":"https:\/\/www.bctredencion.com\/?page_id=4459%2Findex.php&rest_route=\/wp\/v2\/media\/3802"}],"wp:attachment":[{"href":"https:\/\/www.bctredencion.com\/?page_id=4459%2Findex.php&rest_route=%2Fwp%2Fv2%2Fmedia&parent=1113"}],"curies":[{"name":"wp","href":"https:\/\/api.w.org\/{rel}","templated":true}]}}